. Let a be m/9 - (-2)/(-6). Suppose 0*l = a*l + 2*l. Let h(w) = -w**2 - 5. Calculate h(l).
-5
Let o(w) = 182*w**2 - 7*w + 3. Let m(i) = -303*i**2 + 13*i - 5. Let j(u) = -3*m(u) - 5*o(u). Suppose -2*q + 8 + 2 = 0. Let h = q - 8. Determine j(h).
3
Let v(k) = -30*k + 2824. Let d be v(95). Let h(s) = s + 34. What is h(d)?
8
Let f(n) = n**3 - 7*n**2 + 10*n + 7. Suppose 30*s - 2*s - 140 = 0. Give f(s).
7
Let c(u) = 165*u - 1190. Let d(a) = -62*a + 396. Let r(i) = -4*c(i) - 11*d(i). Determine r(-18).
8
Let y(b) = 2*b - 7. Let w(x) = 2*x - 2*x - 8 + 0*x + 2*x. Let g(p) = -6*w(p) + 7*y(p). Let q = 27 + -30. Determine g(q).
-7
Let t(d) be the first derivative of 15*d**2/2 + 15*d - 256. Let i(v) = -8 - 4*v - v - 3*v. Let f(p) = -11*i(p) - 6*t(p). Give f(-2).
2
Let d = 8054 + -8057. Let z(u) = 40*u. Determine z(d).
-120
Let g be -11*1 - 156/39. Let t(v) = 7*v**2 + 11*v + 42. Let o(a) = 6*a**2 + 12*a + 41. Let k(d) = -6*o(d) + 5*t(d). Calculate k(g).
-6
Let u(w) = -12*w - 15. Let p be 9/(-24) + (-305)/40 + (2 - -3). What is u(p)?
21
Let w(j) = 4*j**2 + 21*j + 25. Let a(f) = 11*f**2 + 61*f + 70. Let y(m) = 6*a(m) - 17*w(m). Give y(3).
4
Let b(u) be the first derivative of -u**4/4 - 2*u**3/3 + u**2 - 7*u + 713. Give b(2).
-19
Let a(p) = -10*p - 149. Let x be a(-15). Let j(y) = -10*y - 1. Let z(b) = -1. Let n(o) = x*j(o) - 5*z(o). Calculate n(1).
-6
Let a(q) be the first derivative of q**4 + q**3/3 + q**2 - 2*q - 42. Let k(f) = -f**3 + f**2 - f. Let m(l) = a(l) + 2*k(l). Let n be 4/(-8)*4*1. Determine m(n).
-6
Let i(v) be the first derivative of -v**5/60 - 7*v**4/24 + 13*v**3/6 + v**2/2 + 43*v + 30. Let y(t) be the second derivative of i(t). Determine y(-9).
-5
Let d(a) = a**2 + 119*a + 2287. Let t be d(-24). Let s(h) be the second derivative of -h**3/3 - h**2/2 - h. What is s(t)?
-15
Suppose 4*j + 2*v = 224, -9*v = -4*j - 10*v + 220. Let q(b) = -j*b + 108*b - 8*b**2 - 54*b + 1. Determine q(-1).
-7
Let m = 7/369 - -88/1845. Let b(w) be the third derivative of -1/12*w**4 + m*w**5 - 1/120*w**6 + 1/2*w**3 + 0 - 2*w**2 + 0*w. Determine b(3).
6
Let f(x) = x**3 - 2*x**2 + x - 1. Let n be f(2). Let s be 1*n/3*0. Let c(b) = -12*b + 36. Let o(u) = -17*u + 54. Let w(g) = -7*c(g) + 5*o(g). Give w(s).
18
Suppose -8*j - 10 + 50 = 0. Suppose 4*x - j*g = 2*x, -2*x = g. Let w(y) = y**2 + y - 4. Give w(x).
-4
Let x(g) = 6 + 6*g + g**3 + 10*g**2 - 5*g**2 - 4*g. Let u = 209 - 213. Let l be (1/(-2))/(u/(-40)). Calculate x(l).
-4
Let o(u) = 3*u**3 + 5*u**2 + 14*u + 40. Let n(x) = -16*x**3 - 23*x**2 - 71*x - 202. Let r(s) = 2*n(s) + 11*o(s). Determine r(-8).
4
Suppose -149*q = 2*q. Let j(x) = 5*x**2 - 2*x + 4. Determine j(q).
4
Let b = -4 - 1. Let r(h) = -h**2 + 20*h + 33. Let l be r(16). Let k(q) = -l + 96 - 14*q + 13*q. What is k(b)?
4
Let u(p) = -4*p + 14. Let j(x) = 1. Let f(m) = 4*j(m) + u(m). Let c(i) = -275*i + 46481. Let a be c(169). Calculate f(a).
-6
Suppose 0 = 2*m - 7 - 3. Suppose 0 = m*a - 3*z - 61, z - 30 = -3*a + 1. Suppose 4*n - a - 6 = 3*b, 20 = -4*b + 4*n. Let x(c) = c**2 + 4*c. Determine x(b).
-3
Let d(u) = 6*u + 94. Suppose -4142 = -13*w - 4285. What is d(w)?
28
Let w(x) = 14*x + 1. Let o(u) = 50*u. Let v(a) = -o(a) + 4*w(a). Let k(m) = 4*m + 16. Let d be k(-5). Determine v(d).
-20
Let c(a) = 5 - 2 + 918*a + a**2 - 919*a. Give c(3).
9
Let o(f) be the first derivative of -f**4/4 + f**2 - 3056. Let j be (-1 - -5) + (0 - 1). Let v(w) = -w**3 + 2*w. Let l(x) = j*o(x) - 4*v(x). What is l(-2)?
-4
Let f(j) = 3*j**3 + 2*j**2 + j + 2. Let l(a) = 3*a**3 + a**2 + 2. Let o(k) = -3*f(k) + 2*l(k). Let z = 127380 + -127383. What is o(z)?
52
Let a(k) be the second derivative of -32 - k - 1/3*k**3 - 1/6*k**4 - 1/2*k**2 - k**5. What is a(-1)?
19
Let w be (-8)/76 - 1876/(-133). Let q(i) = 0 + 4*i**2 - 19*i**2 + w*i**2 + 2. Give q(2).
-2
Let o be (3 - 49) + (-1840)/(-46). Let c(t) = -5*t + 2*t**2 + t**3 - t**2 + 4*t**2. What is c(o)?
-6
Let z = -339 + 369. Suppose -17*w - 98 = -z. Let g(l) = l - 4. What is g(w)?
-8
Let m(r) = -3*r - 1. Let h(w) = w**3 + 18*w**2 - 3*w + 2. Let a be h(-18). Suppose 5*t + 66 = a. Let s(o) = -5*o - 3. Let c(b) = t*s(b) + 5*m(b). What is c(-2)?
11
Let z(x) be the first derivative of x**2/2 - 38*x + 1986. What is z(-13)?
-51
Suppose -26*v - 98 - 53 = -21. Let f(h) = 2*h**2 + 10*h + 8. Calculate f(v).
8
Let u(j) = 3*j + 25. Let r be u(-7). Let a(c) = r - 4 + c + 0*c. Determine a(1).
1
Let k(u) = -u**2 + 76 - 3*u - 82 + 0*u. Let f be k(0). Let y(x) = x**3 + 5*x**2 - 7*x. Calculate y(f).
6
Let k(b) = b**3 - 7*b**2 - 7*b - 20. Suppose 2*q + 154*l = 157*l + 10, -4*l = -8. What is k(q)?
-12
Let u(s) be the first derivative of -8/3*s**3 - 1/4*s**4 + s - 73 - 4*s**2. Determine u(-7).
8
Let q(w) = -2*w**2 - 15*w + 24. Suppose -o + 31 = -4*s, 2*o = o - 5. Give q(s).
-3
Let g be (24/(-9))/4*-3. Suppose -8 = 5*b + g. Let y(u) be the second derivative of -u**4/6 + u**3/6 + u**2 - 6*u. Calculate y(b).
-8
Let r(a) = a. Suppose 5*x - v - 6 - 9 = 0, 4*v - 16 = x. Suppose q - x*c + 26 = 0, -5*c + 2 = 3*q + 12. Let n be (2 - q/(-6))/(2/36). Calculate r(n).
6
Let j(v) = -v. Let h(k) = -10*k - 2. Let o(a) = h(a) - 6*j(a). Let y be 28/(-238) - (-1)/((-17)/32). Let i(s) = s**2 + 2*s - 4. Let n be i(y). Calculate o(n).
14
Let z(v) = 7*v**2 - 9*v**2 - 36*v**3 - 3*v + 29*v**3. Calculate z(-2).
54
Suppose 5*h + 10*h = 1200. Suppose 3*f = -h - 61. Let w = f + 53. Let k(i) = -i - 8. Give k(w).
-14
Let f(g) = -g**3 - 5*g**2 + 3*g + 6. Let p(t) = 4*t - 73. Let l be p(23). Suppose 25 = 14*x - l*x. Determine f(x).
-9
Let z(f) = 13 - 1 + 2133*f**2 + 23 - 2132*f**2 - 7 - 16*f. Determine z(5).
-27
Let i(c) = -c**2 - 3*c + 3. Suppose 3*q - 4*n = -2*q + 7, n + 10 = 4*q. Let k be (-2)/(-1 + q/6). Let u be (-24)/9 + k/(-12). What is i(u)?
3
Let t = 18 - 22. Let v(n) = -21*n - 9. Let z(j) = 10*j + 4. Let f(b) = 3*v(b) + 7*z(b). Calculate f(t).
-27
Let c(d) be the third derivative of -d**6/120 - 4*d**5/15 + 3*d**4/4 + 19*d**3/6 - 22*d**2 + 68*d. What is c(-17)?
2
Let w be ((-16)/6)/4*9. Let q(k) be the second derivative of -k**5/20 - 7*k**4/12 - 2*k**3/3 + 13*k**2/2 - 10*k. What is q(w)?
1
Let m(o) = 8*o**2 - 305*o + 60. Let r(x) = -13*x**2 + 486*x - 90. Let c(f) = -8*m(f) - 5*r(f). Calculate c(-10).
-30
Suppose 9*p - 189 = -18*p. Let h(t) = 8 + 42*t - 5*t**2 - p + 3 - t**3 - 44*t. Let i be -4 + (-1 + 0)/1. Determine h(i).
14
Let o(m) be the second derivative of m**4/4 + 5*m**3/2 + 13*m**2/2 - 3188*m. What is o(-1)?
1
Let b(o) = -4*o**2 + 21*o + 18. Let l(h) = -6*h**2 + 42*h + 36. Let m(u) = -5*b(u) + 3*l(u). Calculate m(-9).
-9
Let h(r) be the second derivative of 5/2*r**2 + 7/6*r**3 + 7/12*r**4 - 1 - 1/20*r**5 - 51*r. Calculate h(8).
-3
Let i(m) = m**3 - 15*m**2 + 4*m - 31. Let r = -5477 + 5492. What is i(r)?
29
Let b(k) = -9*k**2 - k + 8. Let q(f) = 3*f**2 - f - 4. Let g(t) = -2*b(t) - 5*q(t). Give g(-3).
10
Let i be (-1 + 1 + 6)/(21 + -18). Let r(g) = -3*g**2 - 428*g + 17 + 855*g + 4*g**i - 442*g. Determine r(15).
17
Let p(r) = r - 5. Let l(o) = o**2 - 25*o - 377. Let u be l(36). What is p(u)?
14
Let z(m) be the first derivative of -21*m**4/4 - 3*m**2/2 + 2*m - 1003. Determine z(1).
-22
Let r(p) be the third derivative of -5*p**4/24 - p**3/3 + 1615*p**2. What is r(6)?
-32
Let y(m) = 3*m - 4. Let k(w) = -3*w + 1. Let f(z) = -z + 1. Let d(n) = 2*f(n) - k(n). Let i(x) = -2*d(x) - y(x). Calculate i(6).
-28
Let c(a) = 38*a + 571. Let u be c(-15). Let y(p) = -5*p**2 - 38*p + 36. What is y(u)?
-7
Let b(y) = 7*y**2 + y. Let z be 228/9*(-3)/2. Let c = -62 - -101. Let q = c + z. Determine b(q).
8
Suppose 3*d = -2*d + 10. Suppose l = 3*l - 5*h - 17, d*l + 4*h = -10. Let b(k) = -1 + 271*k - 539*k + 2 + 265*k. Give b(l).
-2
Let y = -1997 + 2004. Let w(p) = p**2 - 7*p + 7. Determine w(y).
7
Let t(p) = -p**3 + p**2 + 2*p. Let g be t(2). Let l(k) = -22*k**3 + 0*k**2 + g*k**2 + k**2. Let d = 13036 + -13035. Calculate l(d).
-21
Let i(p) be the second derivative of p**3/6 + p**2 + p. Suppose 0 = -23*y + 11*y + 300. Suppose 73 = y*c - 52. Determine i(c).
7
Suppose -3*y - 6 = -3, -4*k + 2*y + 2 = 0. Suppose k = 2*z - 2*u - 8, 0 = 4*z + 3*u - 8*u - 21. Let j(o) = -6*o**2 + 2*o + 1. Give j(z).
-7
Let r(k) = -4*k**2 - 5*k - 6. Let l(v) = -5*v**2 - 6*v - 7. Let m(a) = 2*l(a) - 3*r(a). Suppose -580 = 17*c - 7*c